{"id":6091,"date":"2025-03-04T10:46:19","date_gmt":"2025-03-04T09:46:19","guid":{"rendered":"https:\/\/haavind.no\/havbruktilhavs\/?page_id=6091"},"modified":"2026-01-27T14:44:37","modified_gmt":"2026-01-27T13:44:37","slug":"regulatorisk-rammeverk","status":"publish","type":"page","link":"https:\/\/haavind.no\/havbruktilhavs\/regulatorisk-rammeverk\/","title":{"rendered":"Regulatorisk rammeverk"},"content":{"rendered":"\t<div class=\"template-page alignwide wp-block-dekode-hero\">\n\t\t<div class=\"hero__inner\">\n\t\t\t<div class=\"hero__inner_blocks\">\n\t\t\t\t\n<h1 class=\"wp-block-post-title\">Regulatorisk rammeverk<\/h1>\n\n\n<p>Havbruk til havs forutsetter tildeling av tillatelse etter akvakulturloven. Det er fastsatt et eget tillatelesesystem for havbruk til havs med laks, \u00f8rret og regnbue\u00f8rret. Tillatelser gis for inntil 25 \u00e5r og skal knyttes til \u00e9n bestemt lokalitet og ett bestemt anlegg. &nbsp;<\/p>\n\n\n\n<div class=\"wp-block-buttons is-layout-flex wp-block-buttons-is-layout-flex\"><\/div>\n\n\t\t\t\t\t\t\t\t\t\t\t<\/div>\n\t\t<\/div>\n\t\t\t\t\t<\/div>\n\t\n\n\n<p>Akvakulturloven, matloven, dyrevelferdsloven, forurensningsloven og havne- og farvannsloven utgj\u00f8r det sentrale rammeverket for selve akvakulturvirksomheten til havs. I h\u00f8ringsnotat av 28. november 2024 har N\u00e6rings- og fiskeridepartementet foresl\u00e5tt \u00e5 presisere at arbeidsmilj\u00f8lovens virkeomr\u00e5de omfatter havbruk til havs.<\/p>\n\n\n\n<p>Laksetildelingsforskriften angir rammene for tildeling av tillatelser for havbruk til havs. Tillatelsessystemet kombinerer elementer fra tillatelsesreguleringene for akvakultur i kystn\u00e6re sj\u00f8omr\u00e5der og for petroleumsaktiviteter.<\/p>\n\n\n\n<p>Tildeling av tillatelser forutsetter at det er utf\u00f8rt en offentlig overordnet konsekvensvurdering av aktuelle havomr\u00e5der. DNV har p\u00e5 oppdrag for N\u00e6rings- og fiskeridepartementet gjennomf\u00f8rt en slik konsekvensvurdering av havomr\u00e5dene betegnet \u00abNorskerenna s\u00f8r\u00bb, \u00abFr\u00f8yabanken nord\u00bb og \u00abTr\u00e6nabanken\u00bb i rapporten <a href=\"https:\/\/www.regjeringen.no\/contentassets\/96b48bffcef648b2a4148bba5cc671ca\/dnv-rapport-2024-4038-overordnet-konsekvensvurdering-av-havbruk-til-havs-norskerenna-sor-froyabanken-nord-og-tranabanken-rev.1.pdf\">Overordnet konsekvensvurdering av havbruk til havs Norskerenna S\u00f8r, Fr\u00f8yabanken Nord og Tr\u00e6nabanken<\/a> datert 21. oktober 2024. Den overordnede konsekvensvurderingen skal gi myndighetene grunnlag for \u00e5 vurdere omr\u00e5denes egnethet for havbruk til havs, og hvorvidt en slik bruk av omr\u00e5det vil v\u00e6re forenelig med eksisterende areal- og milj\u00f8interesser i omr\u00e5det, slik det er beskrevet i Meld. St. 21 (2023\u20132024) Helhetlige forvaltningsplaner for de norske havomr\u00e5dene\u2014 Barentshavet og havomr\u00e5dene utenfor Lofoten, Norskehavet, og Nordsj\u00f8en og Skagerrak.<\/p>\n\n\n\n<p>Etter at den overordnede konsekvensvurderingen er gjennomf\u00f8rt, avgj\u00f8r Kongen i statsr\u00e5d hvilke omr\u00e5der som kan utlyses. Omr\u00e5der for havbruksvirksomhet tildeles i konkurranse mellom s\u00f8kerne. N\u00e6rmere regler gis i egen omr\u00e5detildelingsforskrift. Det vil stilles prekvalifiseringskrav for \u00e5 delta i konkurransen, blant annet knyttet til akt\u00f8renes kompetanse og finansielle styrke.<\/p>\n\n\n\n<p>Akt\u00f8ren som n\u00e5r frem i konkurransen gis et omr\u00e5detilsagn som gir akt\u00f8ren plikt til \u00e5 utarbeide en omr\u00e5deplan for utvikling av havbruk til havs i et utlysningsomr\u00e5de, og en tilh\u00f8rende prosjektspesifikk konsekvensutredning i tr\u00e5d med forskrift om konsekvensutredninger.<\/p>\n\n\n\n<p>N\u00e5r omr\u00e5deplanen er godkjent, kan innehaver av omr\u00e5deplanen s\u00f8ke om tillatelse til produksjon p\u00e5 en eller flere bestemte lokaliteter i samsvar med omr\u00e5deplanen. Vilk\u00e5rene for tildeling av tillatelse er i stor grad sammenfallende med vilk\u00e5rene for tillatelse til \u00e5 etablere havbruk p\u00e5 lokaliteter i kystn\u00e6re sj\u00f8omr\u00e5der.<\/p>\n\n\n\n<p>Tillatelser for havbruk til havs skal knyttes til ett bestemt anlegg. Regelverket legger opp til at myndighetene skal ut\u00f8ve forh\u00e5ndskontroll av den planlagte anleggsteknologien f\u00f8r tildeling av tillatelse. Fiskeridirektoratet kan ogs\u00e5 kreve s\u00f8knad om ny akvakulturtillatelse ved st\u00f8rre endringer p\u00e5 anlegget. Dette stiller h\u00f8ye krav til dokumentasjon av anleggsteknologien p\u00e5 s\u00f8knadstidspunktet. Avhengig av hvordan dette praktiseres, vil det kunne legge begrensninger for innovasjon, utvikling, tilpasning og optimalisering p\u00e5 senere stadier i prosjektene.<\/p>\n\n\n\n<p>Overdragelse av tillatelse er betinget av N\u00e6rings- og fiskeridepartementets godkjenning. Dette til forskjell fra andre akvakulturtillatelser som er fritt omsettelige.<\/p>\n\n\n\n<p>Havbruk til havs vil foreg\u00e5 i omr\u00e5der utenfor produksjonsomr\u00e5dene i trafikklyssystemet, og er ikke omfattet av produksjonsreguleringen i trafikklyssystemet. Tillatelseskapasitet som er omfattet av trafikklyssystemet kan etter s\u00f8knad konverteres til tidsbegrensede tillatelser for havbruk til havs. For hvert tonn tillatelseskapasitet som konverteres, kan det tildeles to tonn tillatelseskapasitet for havbruk til havs. Slik konvertering kan ikke senere reverseres.<\/p>\n\n\n\n<p>Regelverket for havbruk til havs er under utvikling, og dette omfatter blant annet utlysning av omr\u00e5der, tildeling av omr\u00e5detilsagn, samt regulering av helse, milj\u00f8 og sikkerhet, og regelverk for utforming og utrustning av anleggene.<\/p>\n\n\n\n<h2 class=\"wp-block-heading\" id=\"h-tildelingsprosessen-er-illustrert-i-figuren-nedenfor\">Tildelingsprosessen er illustrert i figuren nedenfor<\/h2>\n\n\n\n\t\t<div class=\"haavind-workflow alignwide wp-block-haavind-block-workflow\" id=\"block-workflow\">\n<div class=\"haavind-workflow-item wp-block-haavind-block-workflow-item\">\n<div class=\"wp-block-haavind-block-workflow-item\">Kongen i statsr\u00e5d vedtar hvilke omr\u00e5der som kan konsekvensutredes.<br><\/div>\n<\/div><div class=\"haavind-workflow-item-sep\"><\/div>\n\n<div class=\"haavind-workflow-item wp-block-haavind-block-workflow-item\">\n<div class=\"wp-block-haavind-block-workflow-item\">N\u00e6rings- og fiskeridepartementet er ansvarlig for utarbeidelse av program for offentlig overordnet konsekvensutredning, og for at vurderingen gjennomf\u00f8res i henhold til programmet.<br><\/div>\n<\/div><div class=\"haavind-workflow-item-sep\"><\/div>\n\n<div class=\"haavind-workflow-item wp-block-haavind-block-workflow-item\">\n<div class=\"wp-block-haavind-block-workflow-item\">Kongen i statsr\u00e5d avgj\u00f8r hvilke omr\u00e5der som kan utlyses for havbruk til havs.\u00a0<br><\/div>\n<\/div><div class=\"haavind-workflow-item-sep\"><\/div>\n\n<div class=\"haavind-workflow-item wp-block-haavind-block-workflow-item\">\n<div class=\"wp-block-haavind-block-workflow-item\">N\u00e6rings- og fiskeridepartementet utlyser omr\u00e5der for havbruk til havs i en egen omr\u00e5detildelingsforskrift, hvor det vil stilles prekvalifiseringskrav.<br><\/div>\n<\/div><div class=\"haavind-workflow-item-sep\"><\/div>\n\n<div class=\"haavind-workflow-item wp-block-haavind-block-workflow-item\">\n<div class=\"wp-block-haavind-block-workflow-item\">Tiltakshaver som vinner konkurransen f\u00e5r et omr\u00e5detilsagn som gir plikt til \u00e5 utarbeide en omr\u00e5deplan og en prosjektspesifikk konsekvensutredning for omr\u00e5det.<br><\/div>\n<\/div><div class=\"haavind-workflow-item-sep\"><\/div>\n\n<div class=\"haavind-workflow-item wp-block-haavind-block-workflow-item\">\n<div class=\"wp-block-haavind-block-workflow-item\">Fiskeridirektoratet sender forslaget til program for prosjektspesifikk konsekvensvurdering p\u00e5 h\u00f8ring. Departementet fastsetter programmet for prosjektspesifikk konsekvensutredning.<br><\/div>\n<\/div><div class=\"haavind-workflow-item-sep\"><\/div>\n\n<div class=\"haavind-workflow-item wp-block-haavind-block-workflow-item\">\n<div class=\"wp-block-haavind-block-workflow-item\">Prosjektspesifikk konsekvensutredning gjennomf\u00f8res for tiltakshavers regning.<br><\/div>\n<\/div><div class=\"haavind-workflow-item-sep\"><\/div>\n\n<div class=\"haavind-workflow-item wp-block-haavind-block-workflow-item\">\n<div class=\"wp-block-haavind-block-workflow-item\">Tiltakshaver sender s\u00f8knad til Fiskeridirektoratet om godkjenning av omr\u00e5deplan.<br><\/div>\n<\/div><div class=\"haavind-workflow-item-sep\"><\/div>\n\n<div class=\"haavind-workflow-item wp-block-haavind-block-workflow-item\">\n<div class=\"wp-block-haavind-block-workflow-item\">N\u00e5r omr\u00e5deplanen er godkjent, kan innehaver av omr\u00e5deplanen s\u00f8ke om tillatelse til produksjon p\u00e5 bestemt lokalitet.<br><\/div>\n<\/div><div class=\"haavind-workflow-item-sep\"><\/div>\n\n<div class=\"haavind-workflow-item wp-block-haavind-block-workflow-item\">\n<div class=\"wp-block-haavind-block-workflow-item\">Fiskeridirektoratet sender s\u00f8knaden p\u00e5 h\u00f8ring til ber\u00f8rte myndigheter og interesseorganisasjoner, og gj\u00f8r s\u00f8knaden offentlig tilgjengelig.<br><\/div>\n<\/div><div class=\"haavind-workflow-item-sep\"><\/div>\n\n<div class=\"haavind-workflow-item wp-block-haavind-block-workflow-item\">\n<div class=\"wp-block-haavind-block-workflow-item\">Mattilsynet, Milj\u00f8direktoratet og Kystverket behandler s\u00f8knaden, og gir n\u00f8dvendige tillatelser etter matloven, dyrevelferdsloven, forurensingsloven og havne- og farvannsloven.<br><\/div>\n<\/div><div class=\"haavind-workflow-item-sep\"><\/div>\n\n<div class=\"haavind-workflow-item wp-block-haavind-block-workflow-item\">\n<div class=\"wp-block-haavind-block-workflow-item\">Fiskeridirektoratet tildeler tillatelse til akvakultur av matfisk p\u00e5 en bestemt lokalitet med maksimal tillatt biomasse (MTB).\u00a0\u00a0<br><\/div>\n<\/div><div class=\"haavind-workflow-item-sep\"><\/div>\n<\/div>","protected":false},"excerpt":{"rendered":"","protected":false},"author":7,"featured_media":0,"parent":0,"menu_order":0,"comment_status":"closed","ping_status":"closed","template":"","meta":{"footnotes":"","_haavind_back_button_link_url":"","_haavind_back_button_link_text":"","_haavind_back_button_link_url_open_in_new_tab":false},"acf":[],"yoast_head":"<!-- This site is optimized with the Yoast SEO Premium plugin v24.2 (Yoast SEO v24.2) - https:\/\/yoast.com\/wordpress\/plugins\/seo\/ -->\n<title>Regulatorisk rammeverk - Havbruk Til Havs<\/title>\n<meta name=\"robots\" content=\"index, follow, max-snippet:-1, max-image-preview:large, max-video-preview:-1\" \/>\n<link rel=\"canonical\" href=\"https:\/\/haavind.no\/havbruktilhavs\/regulatorisk-rammeverk\/\" \/>\n<meta property=\"og:locale\" content=\"nb_NO\" \/>\n<meta property=\"og:type\" content=\"article\" \/>\n<meta property=\"og:title\" content=\"Regulatorisk rammeverk\" \/>\n<meta property=\"og:url\" content=\"https:\/\/haavind.no\/havbruktilhavs\/regulatorisk-rammeverk\/\" \/>\n<meta property=\"og:site_name\" content=\"Havbruk Til Havs\" \/>\n<meta property=\"article:modified_time\" content=\"2026-01-27T13:44:37+00:00\" \/>\n<meta name=\"twitter:card\" content=\"summary_large_image\" \/>\n<meta name=\"twitter:label1\" content=\"Ansl. lesetid\" \/>\n\t<meta name=\"twitter:data1\" content=\"4 minutter\" \/>\n<script type=\"application\/ld+json\" class=\"yoast-schema-graph\">{\"@context\":\"https:\/\/schema.org\",\"@graph\":[{\"@type\":\"WebPage\",\"@id\":\"https:\/\/haavind.no\/havbruktilhavs\/regulatorisk-rammeverk\/\",\"url\":\"https:\/\/haavind.no\/havbruktilhavs\/regulatorisk-rammeverk\/\",\"name\":\"Regulatorisk rammeverk - Havbruk Til Havs\",\"isPartOf\":{\"@id\":\"https:\/\/haavind.no\/havbruktilhavs\/#website\"},\"datePublished\":\"2025-03-04T09:46:19+00:00\",\"dateModified\":\"2026-01-27T13:44:37+00:00\",\"breadcrumb\":{\"@id\":\"https:\/\/haavind.no\/havbruktilhavs\/regulatorisk-rammeverk\/#breadcrumb\"},\"inLanguage\":\"nb-NO\",\"potentialAction\":[{\"@type\":\"ReadAction\",\"target\":[\"https:\/\/haavind.no\/havbruktilhavs\/regulatorisk-rammeverk\/\"]}]},{\"@type\":\"BreadcrumbList\",\"@id\":\"https:\/\/haavind.no\/havbruktilhavs\/regulatorisk-rammeverk\/#breadcrumb\",\"itemListElement\":[{\"@type\":\"ListItem\",\"position\":1,\"name\":\"Havbruk til havs\",\"item\":\"https:\/\/haavind.no\/havbruktilhavs\/\"},{\"@type\":\"ListItem\",\"position\":2,\"name\":\"Regulatorisk rammeverk\"}]},{\"@type\":\"WebSite\",\"@id\":\"https:\/\/haavind.no\/havbruktilhavs\/#website\",\"url\":\"https:\/\/haavind.no\/havbruktilhavs\/\",\"name\":\"Havbruk Til Havs\",\"description\":\"\",\"potentialAction\":[{\"@type\":\"SearchAction\",\"target\":{\"@type\":\"EntryPoint\",\"urlTemplate\":\"https:\/\/haavind.no\/havbruktilhavs\/?s={search_term_string}\"},\"query-input\":{\"@type\":\"PropertyValueSpecification\",\"valueRequired\":true,\"valueName\":\"search_term_string\"}}],\"inLanguage\":\"nb-NO\"}]}<\/script>\n<!-- \/ Yoast SEO Premium plugin. -->","yoast_head_json":{"title":"Regulatorisk rammeverk - Havbruk Til Havs","robots":{"index":"index","follow":"follow","max-snippet":"max-snippet:-1","max-image-preview":"max-image-preview:large","max-video-preview":"max-video-preview:-1"},"canonical":"https:\/\/haavind.no\/havbruktilhavs\/regulatorisk-rammeverk\/","og_locale":"nb_NO","og_type":"article","og_title":"Regulatorisk rammeverk","og_url":"https:\/\/haavind.no\/havbruktilhavs\/regulatorisk-rammeverk\/","og_site_name":"Havbruk Til Havs","article_modified_time":"2026-01-27T13:44:37+00:00","twitter_card":"summary_large_image","twitter_misc":{"Ansl. lesetid":"4 minutter"},"schema":{"@context":"https:\/\/schema.org","@graph":[{"@type":"WebPage","@id":"https:\/\/haavind.no\/havbruktilhavs\/regulatorisk-rammeverk\/","url":"https:\/\/haavind.no\/havbruktilhavs\/regulatorisk-rammeverk\/","name":"Regulatorisk rammeverk - Havbruk Til Havs","isPartOf":{"@id":"https:\/\/haavind.no\/havbruktilhavs\/#website"},"datePublished":"2025-03-04T09:46:19+00:00","dateModified":"2026-01-27T13:44:37+00:00","breadcrumb":{"@id":"https:\/\/haavind.no\/havbruktilhavs\/regulatorisk-rammeverk\/#breadcrumb"},"inLanguage":"nb-NO","potentialAction":[{"@type":"ReadAction","target":["https:\/\/haavind.no\/havbruktilhavs\/regulatorisk-rammeverk\/"]}]},{"@type":"BreadcrumbList","@id":"https:\/\/haavind.no\/havbruktilhavs\/regulatorisk-rammeverk\/#breadcrumb","itemListElement":[{"@type":"ListItem","position":1,"name":"Havbruk til havs","item":"https:\/\/haavind.no\/havbruktilhavs\/"},{"@type":"ListItem","position":2,"name":"Regulatorisk rammeverk"}]},{"@type":"WebSite","@id":"https:\/\/haavind.no\/havbruktilhavs\/#website","url":"https:\/\/haavind.no\/havbruktilhavs\/","name":"Havbruk Til Havs","description":"","potentialAction":[{"@type":"SearchAction","target":{"@type":"EntryPoint","urlTemplate":"https:\/\/haavind.no\/havbruktilhavs\/?s={search_term_string}"},"query-input":{"@type":"PropertyValueSpecification","valueRequired":true,"valueName":"search_term_string"}}],"inLanguage":"nb-NO"}]}},"_links":{"self":[{"href":"https:\/\/haavind.no\/havbruktilhavs\/wp-json\/wp\/v2\/pages\/6091"}],"collection":[{"href":"https:\/\/haavind.no\/havbruktilhavs\/wp-json\/wp\/v2\/pages"}],"about":[{"href":"https:\/\/haavind.no\/havbruktilhavs\/wp-json\/wp\/v2\/types\/page"}],"author":[{"embeddable":true,"href":"https:\/\/haavind.no\/havbruktilhavs\/wp-json\/wp\/v2\/users\/7"}],"replies":[{"embeddable":true,"href":"https:\/\/haavind.no\/havbruktilhavs\/wp-json\/wp\/v2\/comments?post=6091"}],"version-history":[{"count":15,"href":"https:\/\/haavind.no\/havbruktilhavs\/wp-json\/wp\/v2\/pages\/6091\/revisions"}],"predecessor-version":[{"id":6367,"href":"https:\/\/haavind.no\/havbruktilhavs\/wp-json\/wp\/v2\/pages\/6091\/revisions\/6367"}],"wp:attachment":[{"href":"https:\/\/haavind.no\/havbruktilhavs\/wp-json\/wp\/v2\/media?parent=6091"}],"curies":[{"name":"wp","href":"https:\/\/api.w.org\/{rel}","templated":true}]}}